factor of 31 and m?
31
Suppose 2340 = -40*f + 105*f. Suppose 10 + 14 = 2*z. What is the highest common divisor of f and z?
12
Let j be (-23)/(805/42)*3255/(-6). Calculate the highest common factor of 63 and j.
21
Suppose 4*j + 109 = 3*v, -2*v + 67*j = 66*j - 76. Calculate the greatest common divisor of 507 and v.
39
Let w(a) = 123*a**2 + 9*a + 8. Let d be w(-1). Let k be 6/21 - d/(-14). Calculate the greatest common factor of 117 and k.
9
Let c(i) be the second derivative of i**3/6 + 9*i**2/2 + 30*i. Let v be c(10). What is the highest common factor of v and 57?
19
Let h(v) = -5*v + 82. Let p be h(12). Calculate the greatest common factor of 22 and p.
22
Let t be 1320/352*(-344)/(-6). Calculate the greatest common divisor of t and 43.
43
Let q be (-2)/9 - (-76)/18. Let t = -14 - -17. Let x = t + 5. Calculate the greatest common divisor of x and q.
4
Let b(p) = -p + 6. Let d be b(4). Let v(u) = u - 2 + 11*u + 0*u + 2*u. Let n be v(d). Calculate the greatest common factor of 39 and n.
13
Suppose 0 = -3*h + h - 26. Let v = -21 - h. Let n be (-2)/v + 69/12. Calculate the greatest common factor of 6 and n.
6
Let k = 260 + -242. What is the highest common divisor of k and 42?
6
Let c = 133 - 126. What is the highest common factor of c and 245?
7
Let l(f) = 8*f**2 + 2*f - 1. Let o be l(1). Suppose -d + o = -2*n, 45 - 14 = 4*d - 3*n. Calculate the greatest common divisor of d and 7.
7
Suppose 3*h = -h + 32. Let i be -2 + (-222)/(-24) - 2/h. What is the greatest common factor of i and 77?
7
Let q = 744 - 735. What is the highest common factor of 153 and q?
9
Suppose 0 = 3*n + c - 31, 3*n + 0 = 4*c + 26. Let y(s) = 2*s**2 + 25*s + 16. Let h be y(-12). What is the highest common factor of n and h?
2
Let u(p) = -2*p**2 - 2*p + 10. Let a be u(0). Calculate the highest common divisor of a and 270.
10
Let d = 458 - 428. Calculate the greatest common factor of 390 and d.
30
Let b = 511 + -485. Calculate the highest common factor of b and 468.
26
Let f be ((-1936)/(-10))/8 + (-2)/10. What is the greatest common factor of f and 44?
4
Suppose -r + 2352 = 13*r. Let i be 250/6 + (-2)/(-6). What is the greatest common divisor of r and i?
42
Suppose -5*b + 2*p = -184, -4*b + 5*p = 2*p - 150. Let s be 2/(-5) + (-4)/(-10) - 8. Let z be b/21*(s - -29). Calculate the greatest common factor of z and 24.
12
Let k(a) be the third derivative of -a**4/6 + a**3/3 + 13*a**2. Let j be k(-27). Calculate the highest common divisor of 66 and j.
22
Let r = 66 - -169. Calculate the greatest common divisor of 188 and r.
47
Let u(y) = y + 5. Let b be u(-9). Let f(l) = -l**3 - 4*l**2 - 3*l - 6. Let g be f(b). What is the highest common divisor of 6 and g?
6
Suppose 22 = 5*x - 28. Suppose -164*a + 44 = -153*a. What is the highest common divisor of a and x?
2
Let i = 154 + 4. Suppose 2*h - i = -4*b, b - 5 - 150 = -2*h. Calculate the greatest common factor of h and 7.
7
Let x = -6 - -15. Let q = 443 + -300. Suppose -2*g + q = 53. What is the highest common factor of g and x?
9
Let a(k) = k**3 + 5*k**2 - 3*k + 2. Let t be a(-4). Suppose 347*x = 329*x + 540. What is the greatest common divisor of t and x?
30
Let c be 32/5 - 2/5. Let k(j) = -8*j - j**2 - c*j**2 - j**2 - j**3 + 3. Let w be k(-7). What is the highest common factor of w and 15?
5
Suppose -40 = -2*j - 38. Let q be ((-24)/(-2))/(0 + j). What is the greatest common factor of 30 and q?
6
Suppose 3*w - w - 80 = 0. Let p be 3/15*-3*-5. Suppose p*g + 2*g = 2*r, 5*g - 70 = -5*r. Calculate the greatest common factor of w and r.
10
Let f be (1 + 1562/4)*(49 - 47). Calculate the greatest common divisor of f and 29.
29
Let s be 16/40*(-2 + 43 - 1). Calculate the highest common factor of 3 and s.
1
Suppose -5*w + 57 + 278 = 0. Suppose 26 = 3*o - w. Calculate the greatest common divisor of o and 93.
31
Let x = 12 + -10. Suppose -x*v - 2 = -6. Suppose v*a - 23 + 1 = 0. Calculate the highest common divisor of a and 66.
11
Suppose 3*b - 5*w + 48 = 0, 5*b + 3*w + 94 = -20. Suppose 5*j + 2*q = -21, -15 = 4*q - 3. Let v = j - b. What is the greatest common divisor of 144 and v?
18
Let b be 26/6 + (-3)/9. Suppose -2*m - 3*y = -y, -2*y - b = m. Let g be 12 + ((-16)/m - -1). What is the highest common divisor of g and 9?
9
Suppose 3*g - 513 = -5*k, k + 9*g = 7*g + 97. What is the greatest common divisor of k and 42?
21
Let i(f) = -474*f + 558. Let v be i(1). Let w(q) = 5*q**2 + 3*q - 2. Let m be w(2). What is the greatest common factor of v and m?
12
Suppose 39 = 13*x - 104. Calculate the greatest common divisor of 407 and x.
11
Let n be (96 - 73) + 1 + -4. What is the greatest common divisor of n and 125?
5
Let g = -46 + 13. Let u be ((-88)/g)/((-4)/(-42)). Let o(c) = 8*c**2 - 6*c - 6. Let p be o(-5). What is the greatest common factor of u and p?
28
Suppose -5*a = -w - 2 - 20, -8 = 4*w. Suppose -600 = -a*j + 4*u, 34 = -j + 3*u + 194. What is the greatest common divisor of 58 and j?
29
Let a be 76*1 - (1 + 0). Let v = -9109 + 9134. Calculate the greatest common factor of v and a.
25
Suppose -5*q + 13*q - 272 = 0. Calculate the greatest common factor of q and 34.
34
Suppose -5*h + 71 = t, t = -2*h + 20 + 9. Let i(s) = 39*s + 3. Let d be i(1). What is the greatest common divisor of d and h?
14
Suppose g + g = 22. Let j = -213 - -222. Let z be 4 - (-6 + j) - (-1 - 119). What is the highest common factor of g and z?
11
Let n = -1411 + 1465. Calculate the greatest common factor of n and 243.
27
Let u(p) = p**2 + p - 1. Let j be u(2). Suppose 21 - 1 = j*g. Let r(k) = k**2 + 2. Let s be r(-2). What is the greatest common factor of g and s?
2
Let s(d) = d**2 - 40*d - 49. Let g be s(-7). What is the greatest common divisor of g and 392?
56
Let h = 595 + -427. What is the highest common factor of 120 and h?
24
Suppose -4*f = -4*n + 16, 1 = -n + 3*f + 5. Suppose -5*c - 27 = -n*c. Let x = -3 - c. What is the greatest common divisor of 24 and x?
24
Let i(n) be the third derivative of n**4/8 + n**3/3 - 8*n**2. Let j be i(0). What is the highest common factor of 18 and j?
2
Suppose 3*u - 4*u - 78 = -4*h, -2*h + 4*u + 32 = 0. Let l be (-12)/h*(-20)/1. What is the highest common factor of l and 72?
12
Let k = -2477 - -2533. Calculate the highest common factor of 21 and k.
7
Let g be (-3)/(-2) + (-5917)/(-194). Suppose -2*l = 4*i - 26, 4*i - 45 = -i - 5*l. What is the highest common divisor of g and i?
4
Suppose 3720 = 10*k - 2*k. Calculate the greatest common factor of 60 and k.
15
Suppose -2*c = -l - 392, -404 = -2*c + 142*l - 144*l. What is the highest common factor of c and 132?
66
Let c = -5 + 362. What is the greatest common divisor of 102 and c?
51
Let j be 2072/70 + (-36)/(-15) + -2. Calculate the highest common factor of 195 and j.
15
Let z(a) = -a**2 - 23*a + 26. Let x be z(-24). Suppose 0 = 3*s - x*b - 94, 3*s = -2*s + b + 166. Calculate the highest common factor of s and 306.
34
Suppose -q = -3*u - 0*u + 194, 0 = -2*u - q + 136. Let b = -15 + -9. Let j = -18 - b. What is the highest common divisor of j and u?
6
Let a = 22 - -18. Let n = -55 - -115. Let j be (6 - 6 - n)*(-6)/1. Calculate the highest common divisor of j and a.
40
Let x(o) = 31*o**3 - o**2 + 4*o - 4. Let l be x(1). Calculate the highest common factor of 165 and l.
15
Let f be (-540)/(-24)*(-2)/(-3). What is the highest common factor of f and 6?
3
Suppose 0 = 5*n - 3*z - 18, -19 = -4*n - z - 8. Let s be ((-12)/(-10))/((-14)/(-245)). Calculate the highest common divisor of s and n.
3
Let g be -10*(-2 + 16/5). Let l = -6 - g. Suppose -21*k + 3*k + 972 = 0. What is the highest common divisor of l and k?
6
Let u(m) = m**3 + 21*m**2 - 3*m - 50. Let l be u(-21). Calculate the highest common factor of l and 13.
13
Suppose 6*n - 47 = -11. What is the greatest common factor of 33 and n?
3
Let i = 35 + -43. Let j be -5*i/(-260) + (-420)/(-26). What is the highest common factor of 4 and j?
4
Let z = 30 + -6. Suppose -6*b + z = -2*b. Suppose -40 = -4*w + 2*j - 6*j, 5*w = 2*j + 43. What is the greatest common factor of w and b?
3
Let m = 11 - -1. Let n be ((-5)/(-15))/((-1)/(-261)). Suppose -2*t = -l + 29 + n, -552 = -5*l + 3*t. Calculate the highest common divisor of l and m.
12
Let p(z) = z**3 - 16*z**2 + 80*z + 15. Let t be p(17). What is the highest common factor of t and 13?
13
Suppose -7*m - 5*